{"id":268,"date":"2024-12-23T01:29:42","date_gmt":"2024-12-23T06:29:42","guid":{"rendered":"https:\/?page_id=268"},"modified":"2025-02-19T18:39:20","modified_gmt":"2025-02-19T23:39:20","slug":"terminos-y-condiciones-de-uso","status":"publish","type":"page","link":"https:\/\/centrocomercial21.com\/index.php\/terminos-y-condiciones-de-uso\/","title":{"rendered":"T&#038;C"},"content":{"rendered":"\t\t<div data-elementor-type=\"wp-page\" data-elementor-id=\"268\" class=\"elementor elementor-268\">\n\t\t\t\t<div class=\"elementor-element elementor-element-618f5e9c e-con-full e-flex e-con e-parent\" data-id=\"618f5e9c\" data-element_type=\"container\">\n\t\t\t\t<div class=\"elementor-element elementor-element-18a730a0 animated-slow e-transform elementor-widget__width-inherit elementor-invisible elementor-widget elementor-widget-text-editor\" data-id=\"18a730a0\" data-element_type=\"widget\" data-settings=\"{&quot;_animation&quot;:&quot;fadeInRight&quot;,&quot;_animation_delay&quot;:1000,&quot;_transform_skewX_effect_hover&quot;:{&quot;unit&quot;:&quot;px&quot;,&quot;size&quot;:&quot;&quot;,&quot;sizes&quot;:[]},&quot;_transform_skewX_effect_hover_tablet&quot;:{&quot;unit&quot;:&quot;deg&quot;,&quot;size&quot;:&quot;&quot;,&quot;sizes&quot;:[]},&quot;_transform_skewX_effect_hover_mobile&quot;:{&quot;unit&quot;:&quot;deg&quot;,&quot;size&quot;:&quot;&quot;,&quot;sizes&quot;:[]},&quot;_transform_skewY_effect_hover&quot;:{&quot;unit&quot;:&quot;px&quot;,&quot;size&quot;:&quot;&quot;,&quot;sizes&quot;:[]},&quot;_transform_skewY_effect_hover_tablet&quot;:{&quot;unit&quot;:&quot;deg&quot;,&quot;size&quot;:&quot;&quot;,&quot;sizes&quot;:[]},&quot;_transform_skewY_effect_hover_mobile&quot;:{&quot;unit&quot;:&quot;deg&quot;,&quot;size&quot;:&quot;&quot;,&quot;sizes&quot;:[]}}\" data-widget_type=\"text-editor.default\">\n\t\t\t\t<div class=\"elementor-widget-container\">\n\t\t\t\t\t\t\t\t\t\n<p style=\"text-align: center;\"><strong>T\u00c9RMINOS Y CONDICIONES DE USO<\/strong><\/p>\n<p style=\"text-align: left;\">Al ingresar al presente sitio y todos los sitios que en adelante creare el <strong>CENTRO COMERCIAL 21 P.H.<\/strong>, en adelante, \u201c<strong>Centro Comercial 21<\/strong>\u201d, o utilizar cualquiera de sus servicios, el <strong>USUARIO<\/strong> acepta expresamente los t\u00e9rminos de uso, pol\u00edticas de privacidad y derechos de autor de este sitio Web, los cuales pueden ser modificados sin previo aviso en cualquier momento por el <strong>Centro Comercial 21<\/strong>.<\/p>\n<p style=\"text-align: left;\">De acuerdo con los presentes t\u00e9rminos y condiciones se entiende por <strong>USUARIO<\/strong> a cualquier persona que tenga la facultad de ingresar a los sitios y\/o publicaciones del <strong>Centro Comercial 21<\/strong>, como clientes, usuarios o proveedores.<\/p>\n<p style=\"text-align: left;\">Esta p\u00e1gina y su contenido pertenecen al <strong>Centro Comercial 21<\/strong>, empresa propietaria del presente sitio. Por esta raz\u00f3n, se proh\u00edbe la reproducci\u00f3n total o parcial, traducci\u00f3n, inclusi\u00f3n, transmisi\u00f3n, transformaci\u00f3n, almacenamiento o acceso a trav\u00e9s de medios anal\u00f3gicos, digitales o de cualquier otro sistema o tecnolog\u00eda creada, o por crearse, de cualquiera de sus contenidos sin autorizaci\u00f3n previa y escrita del <strong>Centro Comercial 21<\/strong>.<\/p>\n<p style=\"text-align: left;\">As\u00ed mismo, los contenidos de este sitio, sus componentes, links y menciones no podr\u00e1n, de manera enunciativa, pero no limitativa copiarse, ni venderse, rentarse, duplicarse, publicarse, distribuirse por cualquier medio, almacenarse, retransmitirse o transferirse de cualquier otra forma, independientemente de que sea de forma onerosa o gratuita, sin contar con la previa y expresa autorizaci\u00f3n escrita del <strong>Centro Comercial 21<\/strong>.<\/p>\n<p style=\"text-align: left;\">La identificaci\u00f3n y la clave de acceso son personales e intransferibles, y el <strong>USUARIO<\/strong> ser\u00e1 el \u00fanico responsable por su uso adecuado. Cualquier violaci\u00f3n a esta disposici\u00f3n dar\u00e1 lugar a que <strong>Centro Comercial 21 <\/strong>pueda terminar la correspondiente licencia, contrato, servicio, sin perjuicio del cobro de las indemnizaciones a las que hubiere lugar.<\/p>\n<p style=\"text-align: left;\">Esta p\u00e1gina web no podr\u00e1 utilizarse con fines inmorales o ilegales. Los datos que se ingresen con ese objetivo ser\u00e1n eliminados inmediatamente a trav\u00e9s de un filtro autom\u00e1tico de contenido, el cual est\u00e1 configurado para dichos fines.<\/p>\n<ol style=\"text-align: left;\">\n<li>AUTORIZACIONES<\/li>\n<\/ol>\n<p style=\"text-align: left;\">Al aceptar los presentes T\u00e9rminos y Condiciones, as\u00ed como las Pol\u00edticas de Privacidad del <strong>Centro Comercial 21<\/strong>, El <strong>USUARIO<\/strong> autoriza, de manera voluntaria, expresa e informada al <strong>Centro Comercial 21 <\/strong>para almacenar, usar, trasmitir, trasferir, reproducir, registrar, procesar, difundir y comercializar todos los datos e informaci\u00f3n que el de forma <strong>USUARIO<\/strong> voluntaria suministre en el momento del registro.<\/p>\n<p style=\"text-align: left;\">Con base en lo anterior, <strong>Centro Comercial 21<\/strong>, sus subsidiarias, filiales y dem\u00e1s personas o sociedades con quien \u00e9sta contrate tales actividades, mediante el env\u00edo de e-mail, mensaje de texto (SMS y\/o MMS) o a trav\u00e9s de cualquier medio an\u00e1logo y\/o digital de comunicaci\u00f3n, conocido o por conocer, podr\u00e1 reproducir, publicar, traducir, adaptar, extraer o compendiar los datos o la informaci\u00f3n suministrada, as\u00ed como disponer de los datos o la informaci\u00f3n a t\u00edtulo oneroso o gratuito de acuerdo y bajo los t\u00e9rminos de la <strong>Ley 1581 de 2012<\/strong>.<\/p>\n<ol style=\"text-align: left;\" start=\"2\">\n<li>RESPONSABILIDAD<\/li>\n<\/ol>\n<p style=\"text-align: left;\">La informaci\u00f3n que aparece en el presente sitio o en cualquiera de los sitios del <strong>Centro Comercial 21 <\/strong>as\u00ed como los servicios que se prestan en ella, son proporcionados \u00fanicamente para fines publicitarios e informativos, por lo tanto no constituye asesor\u00eda legal ni consejo profesional alguno. Por ello, <strong>Centro Comercial 21 <\/strong>no asume ninguna responsabilidad por las decisiones que el <strong>USUARIO<\/strong> tome con fundamento en la informaci\u00f3n publicada en nuestro sitio web. El <strong>Centro Comercial 21 <\/strong>no se hace responsable por el contenido de las notas publicadas por otros usuarios y que pudieran resultar ofensivas o da\u00f1inas para otros usuarios.<\/p>\n<p style=\"text-align: left;\">El presente sitio y todos los sitios del <strong>Centro Comercial 21 <\/strong>contienen v\u00ednculos a sitios web de terceras personas, los cuales se suministran a modo de referencia, pues el <strong>Centro Comercial 21 <\/strong>no respalda, recomienda, patrocina o asume responsabilidad alguna sobre la disponibilidad de dichos sitios y su contenido.<\/p>\n<p style=\"text-align: left;\"><strong>El Centro Comercial 21 <\/strong>no garantiza que la conexi\u00f3n y la operaci\u00f3n del sitio est\u00e9n exentas de errores, y el <strong>USUARIO<\/strong> manifiesta expresamente que conoce estas circunstancias y que, en el evento de un error por conexi\u00f3n, la responsabilidad del <strong>Centro Comercial 21 <\/strong>se limitar\u00e1 exclusivamente a corregirlo en un tiempo prudencial. El <strong>Centro Comercial 21 <\/strong>no ser\u00e1 responsable por da\u00f1os que los programas sobre los cuales corren sus sitios, ocasionen en el equipo o los archivos del <strong>USUARIO<\/strong>, ni por los archivos que se bajen de estos, incluyendo virus. El <strong>Centro Comercial 21 <\/strong>no ser\u00e1 responsable por los perjuicios que el <strong>USUARIO<\/strong> pueda causar a terceros en la utilizaci\u00f3n del presente sitio o cualquiera de sus sitios.<\/p>\n<p style=\"text-align: left;\">El<strong> Centro Comercial 21 <\/strong>se exime expresamente de cualquier responsabilidad por los materiales que se encuentran en esta p\u00e1gina, los cuales puedan considerarse inapropiados seg\u00fan la legislaci\u00f3n de terceros pa\u00edses. Quienes accedan a esta p\u00e1gina desde otros pa\u00edses o territorios lo hacen bajo su propia iniciativa y ser\u00e1n responsables del estricto cumplimiento de las leyes locales y\/o internacionales que les sean aplicables.<\/p>\n<p style=\"text-align: left;\">La informaci\u00f3n y opiniones expresadas en los mensajes, comentarios, foros o cualquier otro espacio pertenecen al <strong>USUARIO<\/strong>, pero de ninguna manera representan el pensamiento del <strong>Centro Comercial 21 <\/strong>o de cualquiera de sus marcas. Por esta raz\u00f3n, el <strong>Centro Comercial 21 <\/strong>no ofrece ninguna representaci\u00f3n o garant\u00eda con respecto a dicha informaci\u00f3n o dichas opiniones. El <strong>Centro Comercial 21<\/strong> no es responsable de cualquier p\u00e9rdida, da\u00f1o (ya sea real, a consecuencia, punitivo u otro), perjuicio, reclamo, responsabilidad u otra causa de clase o car\u00e1cter alguno basado en, o resultante de, cualquier informaci\u00f3n u opiniones proporcionadas en el presente sitio o cualquiera de los sitios del <strong>Centro Comercial 21<\/strong>.<\/p>\n<ol style=\"text-align: left;\" start=\"3\">\n<li>RESTRICCIONES<\/li>\n<\/ol>\n<p style=\"text-align: left;\">El <strong>USUARIO<\/strong> \u00fanicamente podr\u00e1 ingresar a las secciones que le sean autorizadas por el <strong>Centro Comercial 21<\/strong>, por lo tanto, se abstendr\u00e1 de utilizar cualquier medio para violar la seguridad y las restricciones, as\u00ed como cualquier medida tecnol\u00f3gica. La sola intenci\u00f3n de hacerlo, evidenciada por el <strong>Centro Comercial 21<\/strong>, ser\u00e1 causal suficiente para dar por terminada esta licencia e informar a las autoridades correspondientes de este hecho.<\/p>\n<p style=\"text-align: left;\">El <strong>USUARIO<\/strong> no podr\u00e1 reproducir, adaptar, distribuir, alquilar, vender, otorgar licencia o ejecutar cualquier otra forma de transferencia del presente sitio ni de los dem\u00e1s sitios del <strong>Centro Comercial 21<\/strong>, ni cualquiera de sus partes, incluyendo los c\u00f3digos de programaci\u00f3n. El <strong>USUARIO<\/strong> no podr\u00e1 reversar la ingenier\u00eda, de compilar, desensamblar, modificar, crear trabajos derivados, traducir la informaci\u00f3n o usar la informaci\u00f3n publicada en el sitio con fines comerciales o de lucro. El <strong>USUARIO<\/strong> no podr\u00e1 remover u ocultar los derechos de autor, las marcas o cualquier otra informaci\u00f3n o leyenda relacionada con la propiedad y derechos del <strong>Centro Comercial 21 <\/strong>o de sus proveedores de informaci\u00f3n y de servicios.<\/p>\n<p style=\"text-align: left;\">El acceso no autorizado de manera escrita a los contenidos, bases de datos o servicios del presente sitio y dem\u00e1s sitios del <strong>Centro Comercial 21 <\/strong>ser\u00e1 considerado como una intromisi\u00f3n il\u00edcita, y el <strong>Centro Comercial 21 <\/strong>podr\u00e1 iniciar todas aquellas acciones legales que la legislaci\u00f3n nacional e internacional puedan conferirle.<\/p>\n<ol style=\"text-align: left;\" start=\"4\">\n<li>DERECHOS DE AUTOR<\/li>\n<\/ol>\n<p style=\"text-align: left;\">De conformidad con las disposiciones legales vigentes (<strong>Ley 23 de 1982<\/strong> y Decisi\u00f3n 351 del Acuerdo de Cartagena y dem\u00e1s que puedan considerarse complementarias), son propiedad del <strong>Centro Comercial 21<\/strong> y est\u00e1n protegidos por las leyes de derechos de autor. As\u00ed mismo, los contenidos que el <strong>USUARIO<\/strong> realice en uso del presente sitio o de cualquier sitio del <strong>Centro Comercial 21<\/strong>, son de exclusiva propiedad del <strong>USUARIO<\/strong>, de tal manera que cualquier autorizaci\u00f3n, permiso o reenv\u00edo de sus contenidos a terceras personas lo hace bajo su \u00fanica y estricta responsabilidad.<\/p>\n<ol style=\"text-align: left;\" start=\"5\">\n<li>MARCAS Y PROPIEDAD INTELECTUAL<\/li>\n<\/ol>\n<p style=\"text-align: left;\">La informaci\u00f3n que aparece en el presente sitio y dem\u00e1s sitios del <strong>Centro Comercial 21 <\/strong>as\u00ed como el dise\u00f1o gr\u00e1fico, la presentaci\u00f3n de los contenidos, las marcas comerciales y los logotipos, son propiedad exclusiva del <strong>Centro Comercial 21 <\/strong>o de terceros que han autorizado su inclusi\u00f3n o uso y est\u00e1n protegidos por las normas sobre derechos de autor nacionales y por los tratados internacionales que sobre la materia ha suscrito y ratificado la Rep\u00fablica de Colombia.<\/p>\n<p style=\"text-align: left;\">EL <strong>USUARIO<\/strong> no podr\u00e1 utilizar, comercializar, explotar o modificar de ninguna forma las marcas del <strong>Centro Comercial 21<\/strong>, de los proveedores de informaci\u00f3n y de servicios o de terceros, y se obliga a informar al <strong>Centro Comercial 21 <\/strong>cualquier hecho sobre el cual tenga conocimiento y que pueda considerarse como lesivo de los derechos que legalmente este tiene.<\/p>\n<ol style=\"text-align: left;\" start=\"6\">\n<li>ENLACES A SITIOS DE TERCEROS<\/li>\n<\/ol>\n<p style=\"text-align: left;\">El presente sitio y dem\u00e1s sitios del <strong>Centro Comercial 21 <\/strong>pueden contener enlaces a otros sitios web de terceros. Las pol\u00edticas de confidencialidad de tales sitios pueden ser diferentes a las pol\u00edticas del presente sitio. El <strong>Centro Comercial 21 <\/strong>no ejerce control sobre los sitios operados y mantenidos por terceras partes, sus productos o servicios. Por esta raz\u00f3n, no ser\u00e1 responsable por la calidad o pertinencia de su contenido. El <strong>USUARIO<\/strong> est\u00e1 en la obligaci\u00f3n de leer la pol\u00edtica de confidencialidad de los sitios enlazados e ingresar\u00e1 a ellos bajo su propio riesgo.<\/p>\n<ol style=\"text-align: left;\" start=\"7\">\n<li>CONDICIONES DE USO DEL PORTAL<\/li>\n<\/ol>\n<p style=\"text-align: left;\">Al momento de ingresar al presente sitio web, el <strong>USUARIO<\/strong> autoriza al <strong>Centro Comercial 21 <\/strong>para:<\/p>\n<p style=\"text-align: left;\">Modificar en cualquier tiempo y por cualquier raz\u00f3n sin previo aviso <strong>los T\u00e9rminos y Condiciones<\/strong> del Sitio web.<\/p>\n<p style=\"text-align: left;\">Negar el registro a cualquier persona, en cualquier momento y por cualquier raz\u00f3n.<\/p>\n<p style=\"text-align: left;\">Incluir o no el material recibido de los usuarios a su criterio. En caso de incluirlo, podr\u00e1 mantener este material por el tiempo que considere pertinente o modificarlo.<\/p>\n<p style=\"text-align: left;\">Remover los contenidos que considere ilegales, ofensivos, difamatorios, pornogr\u00e1ficos, amenazantes, obscenos o que de cualquier otra forma violen los t\u00e9rminos y condiciones. \u2014 Utilizar la informaci\u00f3n personal y\/o contenidos suministrados por los usuarios, de acuerdo con los t\u00e9rminos y condiciones del portal.<\/p>\n<p style=\"text-align: left;\">Activar en cualquier momento de forma gratuita contenido, funcionalidades y herramientas, para mejorar la experiencia del <strong>USUARIO<\/strong> y la oferta de valor que le brinda el <strong>Centro Comercial 21<\/strong>, a trav\u00e9s de sus diversos productos y servicios (incluido el presente sitio web).<\/p>\n<p style=\"text-align: left;\">Desactivar en cualquier momento y sin previo aviso el contenido, funcionalidades y herramientas, para mejorar la experiencia del <strong>USUARIO<\/strong> y la oferta de valor que le brinda el <strong>Centro Comercial 21<\/strong>, a trav\u00e9s de sus diversos productos y servicios (incluido el presente sitio web).<\/p>\n<p style=\"text-align: left;\">El <strong>USUARIO<\/strong> se hace responsable de sus contenidos, de los permisos que d\u00e9 a otros usuarios sobre sus contenidos y de las claves de acceso. El <strong>USUARIO<\/strong> entiende y acepta que no publicar\u00e1 en el presente sitio o en cualquier sitio del <strong>Centro Comercial 21<\/strong>, contenido que:<\/p>\n<p style=\"text-align: left;\">Difame, invada la privacidad o sea obscena, pornogr\u00e1fica, abusiva o amenazadora.<\/p>\n<p style=\"text-align: left;\">Infrinja los derechos de propiedad intelectual o vulnere cualquier otro derecho de cualquier entidad o persona.<\/p>\n<p style=\"text-align: left;\">Viole la ley<\/p>\n<p style=\"text-align: left;\">Promueva actividades ilegales.<\/p>\n<p style=\"text-align: left;\">Publicite o solicite fondos, bienes o servicios.<\/p>\n<p style=\"text-align: left;\">Publicite servicios legales, contables o cualquier otro de manera evidente o subrepticia.<\/p>\n<ol style=\"text-align: left;\" start=\"8\">\n<li>AUTORIZACI\u00d3N DE USO DE DATOS DE REGISTRO<\/li>\n<\/ol>\n<p style=\"text-align: left;\">El <strong>USUARIO<\/strong> acepta que los datos personales aportados en el momento de su registro, o cualquier otro facilitado al <strong>Centro Comercial 21 <\/strong>para su acceso a algunos de los servicios del presente sitio y dem\u00e1s sitios del <strong>Centro Comercial 21<\/strong>, sean utilizados con la finalidad de facilitar la prestaci\u00f3n de los servicios solicitados, para la correcta identificaci\u00f3n de los usuarios que solicitan servicios personalizados, para la realizaci\u00f3n de estudios estad\u00edsticos de los usuarios que permitan dise\u00f1ar mejoras en los servicios prestados, para la gesti\u00f3n de tareas b\u00e1sicas de administraci\u00f3n, as\u00ed como para mantenerle informado, bien por correo electr\u00f3nico o por cualquier otro medio de novedades, productos y servicios relacionados con el <strong>Centro Comercial 21<\/strong>.<\/p>\n<p style=\"text-align: left;\">En el caso de registrarse en el presente sitio y todos los sitios del <strong>Centro Comercial 21<\/strong>, el <strong>USUARIO<\/strong> elegir\u00e1 a su arbitrio sobre prestar su consentimiento expreso para el env\u00edo de publicidad a trav\u00e9s de e-mail, mensaje de texto (SMS y\/o MMS) o a trav\u00e9s de cualquier medio an\u00e1logo y\/o digital de comunicaci\u00f3n, conocido o por conocer. As\u00ed mismo, al registrarse en el presente sitio y dem\u00e1s sitios del <strong>Centro Comercial 21 <\/strong>el <strong>USUARIO<\/strong> acepta que sus datos de registro puedan ser proporcionados a otras terceras personas para marketing, publicidad u otros usos. El <strong>Centro Comercial 21 <\/strong>utilizar\u00e1 los correos electr\u00f3nicos o cualquier otra informaci\u00f3n personal para contactar a los usuarios, y podr\u00e1 dirigirlos con fines espec\u00edficos a los usuarios.<\/p>\n<p style=\"text-align: left;\">La informaci\u00f3n de identificaci\u00f3n personal podr\u00e1 transferirse como parte de los activos del <strong>Centro Comercial 21 <\/strong>en caso de que el centro comercial o partes del negocio fuesen vendidas, fusionadas o adquiridas por terceros.<\/p>\n<p style=\"text-align: left;\">El <strong>Centro Comercial 21 <\/strong>se compromete a cumplir con su obligaci\u00f3n de mantener las medidas de seguridad pertinentes los datos de car\u00e1cter privado, as\u00ed como su deber de tratarlos con confidencialidad, y asume las medidas de \u00edndole t\u00e9cnica, organizativa y de seguridad necesarias para evitar su alteraci\u00f3n, p\u00e9rdida, tratamiento o acceso no autorizado, de acuerdo con lo establecido en la ley y en los tratados internacionales suscritos por Colombia que rigen la materia.<\/p>\n<p style=\"text-align: left;\">El <strong>USUARIO<\/strong> responder\u00e1, en cualquier caso, por la veracidad de los datos facilitados. <strong>Centro Comercial 21 <\/strong>podr\u00e1 excluir de los servicios registrados a todo <strong>USUARIO<\/strong> que haya facilitado datos falsos, sin perjuicio de las dem\u00e1s acciones que procedan.<\/p>\n<p style=\"text-align: left;\">Cualquier <strong>USUARIO<\/strong> registrado puede actualizar, rectificar, remover, en cualquier momento sus datos mediante correo electr\u00f3nico enviado a <a href=\"mailto:admon.cc21ph@gmail.com\">admon.cc21ph@gmail.com<\/a>.<\/p>\n<ol style=\"text-align: left;\" start=\"9\">\n<li>\u00a0<\/li>\n<\/ol>\n<p style=\"text-align: left;\">Al aceptar la presente pol\u00edtica, El <strong>USUARIO<\/strong> autoriza, de manera voluntaria, expresa e informada al <strong>Centro Comercial 21<\/strong> para recolectar, almacenar, registrar, procesar, difundir y comercializar todos los datos e informaci\u00f3n que el <strong>USUARIO<\/strong> de forma voluntaria suministre en el momento del registro. Con base en lo anterior, el <strong>Centro Comercial 21<\/strong>, sus subsidiarias, filiales y dem\u00e1s personas o sociedades con quien \u00e9sta contrate tales actividades, mediante el env\u00edo e-mail, mensaje de texto (SMS y\/o MMS) o a trav\u00e9s de cualquier medio an\u00e1logo y\/o digital de comunicaci\u00f3n, conocido o por conocer, podr\u00e1 reproducir, publicar, traducir, adaptar, extraer o compendiar los datos o la informaci\u00f3n suministrada, as\u00ed como disponer de los datos o la informaci\u00f3n a t\u00edtulo oneroso o gratuito de acuerdo y bajo los t\u00e9rminos de la <strong>Ley 1581 de 2012<\/strong>.<\/p>\n<ol style=\"text-align: left;\" start=\"10\">\n<li>\u00a0<\/li>\n<\/ol>\n<p style=\"text-align: left;\">Con el fin de que \u00e9ste servicio sea una fuente valiosa de informaci\u00f3n, recibiremos sus comentarios y sugerencias a trav\u00e9s del portal del <strong>Centro Comercial 21<\/strong>, correo electr\u00f3nico a <a href=\"mailto:admon.cc21ph@gmail.com\">admon.cc21ph@gmail.com<\/a> o llamada telef\u00f3nica en la ciudad de Bogot\u00e1 al +57 (601) 2847073.<\/p>\t\t\t\t\t\t\t\t<\/div>\n\t\t\t\t<\/div>\n\t\t\t\t<\/div>\n\t\t\t\t<\/div>\n\t\t","protected":false},"excerpt":{"rendered":"<p>T\u00c9RMINOS Y CONDICIONES DE USO Al ingresar al presente sitio y todos los sitios que en adelante creare el CENTRO COMERCIAL 21 P.H., en adelante, \u201cCentro Comercial 21\u201d, o utilizar cualquiera de sus servicios, el USUARIO acepta expresamente los t\u00e9rminos de uso, pol\u00edticas de privacidad y derechos de autor de este sitio Web, los cuales [&hellip;]<\/p>\n","protected":false},"author":1,"featured_media":0,"parent":0,"menu_order":0,"comment_status":"closed","ping_status":"closed","template":"","meta":{"footnotes":""},"class_list":["post-268","page","type-page","status-publish","hentry"],"_links":{"self":[{"href":"https:\/\/centrocomercial21.com\/index.php\/wp-json\/wp\/v2\/pages\/268","targetHints":{"allow":["GET"]}}],"collection":[{"href":"https:\/\/centrocomercial21.com\/index.php\/wp-json\/wp\/v2\/pages"}],"about":[{"href":"https:\/\/centrocomercial21.com\/index.php\/wp-json\/wp\/v2\/types\/page"}],"author":[{"embeddable":true,"href":"https:\/\/centrocomercial21.com\/index.php\/wp-json\/wp\/v2\/users\/1"}],"replies":[{"embeddable":true,"href":"https:\/\/centrocomercial21.com\/index.php\/wp-json\/wp\/v2\/comments?post=268"}],"version-history":[{"count":68,"href":"https:\/\/centrocomercial21.com\/index.php\/wp-json\/wp\/v2\/pages\/268\/revisions"}],"predecessor-version":[{"id":1040,"href":"https:\/\/centrocomercial21.com\/index.php\/wp-json\/wp\/v2\/pages\/268\/revisions\/1040"}],"wp:attachment":[{"href":"https:\/\/centrocomercial21.com\/index.php\/wp-json\/wp\/v2\/media?parent=268"}],"curies":[{"name":"wp","href":"https:\/\/api.w.org\/{rel}","templated":true}]}}